 90. Determine q(1).
-137
Let d(t) = -10*t**2 - 80*t + 15. What is d(-8)?
15
Let w(x) = x**2 - 5*x - 301. Give w(18).
-67
Let c(h) = -h**3 + 64*h**2 - 127*h + 187. Determine c(62).
1
Let i(h) = 7*h**2 - 23*h - 197. What is i(-7)?
307
Let t(d) = 784*d - 14926. What is t(19)?
-30
Let x(t) = -4*t - 122. Give x(-47).
66
Let t(f) = 222*f + 3530. Determine t(-15).
200
Let n(r) = 19*r - 27. What is n(3)?
30
Let w(n) = -8*n**2 + 11*n - 93. Determine w(3).
-132
Let j(c) = 3*c**2 - 134*c - 571. Calculate j(51).
398
Let j(x) = -x**3 - 6*x**2 + 73*x + 1. Calculate j(6).
7
Let k(s) = 40*s**2 - 330*s + 71. Give k(8).
-9
Let t(c) = 169*c + 2022. Determine t(-12).
-6
Let c(r) = -966*r - 6757. Calculate c(-7).
5
Let q(b) = 60*b - 2301. Determine q(38).
-21
Let r(p) = -p**3 + 3*p**2 - 13*p + 88. Determine r(4).
20
Let f(v) = -2*v**2 - 104*v + 223. Calculate f(-54).
7
Let q(x) = x**2 - 40*x - 238. What is q(-19)?
883
Let n(i) = -i**3 + 9*i**2 + 17*i - 201. Give n(8).
-1
Let s(w) = -2*w**2 - 92*w + 438. Determine s(-52).
-186
Let k(s) = -2*s**3 + 56*s**2 + 55*s + 80. Calculate k(29).
-7
Let t(z) = -31*z - 3793. Calculate t(-122).
-11
Let w(q) = q**2 - 18*q + 3. Calculate w(18).
3
Let o(r) = -88*r + 3338. Determine o(38).
-6
Let z(u) = -3*u**3 + 110*u**2 - 174*u + 3683. What is z(36)?
11
Let o(u) = 22*u + 108. Give o(-4).
20
Let z(m) = -5*m**2 - 5*m + 56. What is z(-6)?
-94
Let b(d) = -2*d**2 - 47*d + 17. Give b(-22).
83
Let o(c) = 5*c**2 - 67*c + 223. Give o(6).
1
Let r(i) = -3*i**3 + 22*i**2 - 9*i + 35. Determine r(7).
21
Let f(r) = -7*r - 1058. Give f(-44).
-750
Let l(h) = h**2 - 161*h + 4697. Calculate l(123).
23
Let f(t) = 3*t**3 + 39*t**2 + 23*t + 17. Determine f(-13).
-282
Let y(p) = p**3 + 371*p**2 - 3417*p + 3. What is y(9)?
30
Let l(s) = 3840*s - 19119. Calculate l(5).
81
Let k(s) = -s**3 + 6*s**2 + 9*s - 8. Determine k(3).
46
Let i(f) = 17*f + 116. Determine i(-5).
31
Let r(b) = -5*b**3 + 18*b**2 - 9*b - 4. Determine r(2).
10
Let n(h) = 34*h - 459. Determine n(6).
-255
Let s(f) = 5*f**3 + 152*f**2 + 59*f + 24. Calculate s(-30).
54
Let h(l) = -l**2 - 62*l + 2207. Give h(-87).
32
Let x(j) = 27*j**2 + 9*j - 5. Determine x(1).
31
Let b(c) = 8*c - 460. Calculate b(58).
4
Let l(f) = -f**3 - 8*f**2 + 31*f + 107. Give l(-10).
-3
Let m(v) = 2*v**3 + 82*v**2 - 139*v - 2312. Give m(-42).
-2
Let q(c) = -2*c**3 - 68*c**2 - 66*c - 69. What is q(-33)?
-69
Let k(w) = 2*w**3 + 73*w**2 - 33*w + 185. Calculate k(-37).
37
Let c(b) = -b**3 + 20*b**2 + 24*b - 74. Give c(21).
-11
Let w(f) = 86*f - 4498. Determine w(52).
-26
Let c(g) = -159*g - 1097. Give c(-7).
16
Let q(x) = -3*x**2 + 113*x - 139. What is q(39)?
-295
Let v(s) = 8*s - 30. Give v(19).
122
Let q(l) = 21*l**2 + 209*l + 4. Determine q(-10).
14
Let r(c) = c**3 - 17*c**2 + 107*c - 926. Give r(14).
-16
Let w(a) = 29*a**2 + 3*a - 9. Determine w(-5).
701
Let j(d) = d**2 - 72*d + 1271. What is j(30)?
11
Let r(q) = 6*q**2 + 130*q + 622. Determine r(-7).
6
Let n(k) = k**2 + 166*k + 1978. Give n(-13).
-11
Let z(c) = c**2 - 127*c - 394. Determine z(130).
-4
Let i(h) = 30*h**2 - 63*h + 63. What is i(1)?
30
Let c(k) = 8*k**2 - 1213*k - 3635. Calculate c(-3).
76
Let r(q) = -16*q + 126. Determine r(12).
-66
Let a(j) = -11*j + 181. What is a(0)?
181
Let i(w) = -w**3 + 37*w**2 - 60*w - 167. What is i(35)?
183
Let r(i) = -104*i**3 - 310*i - 311. What is r(-1)?
103
Let f(l) = l**3 - 31*l**2 + 89*l + 7. Calculate f(28).
147
Let z(c) = c**2 + 498*c + 5810. What is z(-12)?
-22
Let q(s) = -96*s**2 + 11*s - 15. What is q(2)?
-377
Let k(z) = 2*z**3 - 7*z**2 - 15*z + 40. Calculate k(4).
-4
Let m(x) = -x**3 + 11*x**2 + 35*x + 85. Determine m(14).
-13
Let k(j) = -2*j**3 - 94*j**2 - 93*j - 69. Determine k(-46).
-23
Let z(j) = -4*j**2 + 48*j + 21. Determine z(15).
-159
Let r(k) = 125*k**3 + k**2 - 4*k + 2. Determine r(1).
124
Let r(z) = z**3 + 22*z**2 - 31*z - 180. Determine r(-23).
4
Let d(u) = u**2 + 16*u - 3. What is d(-20)?
77
Let l(n) = 3*n**3 + 297*n**2 + 27*n + 2665. Determine l(-99).
-8
Let w(d) = d**3 - 14*d**2 - 13*d + 311. Calculate w(8).
-177
Let i(y) = -y**3 - 24*y**2 + 6*y + 147. Determine i(-23).
-520
Let o(t) = -125*t + 435. Determine o(4).
-65
Let b(z) = -2843*z + 11365. Calculate b(4).
-7
Let z(w) = w**3 - 31*w**2 + 64*w - 159. Give z(29).
15
Let j(m) = 9*m**2 + 47*m + 2. Determine j(-10).
432
Let n(r) = -39*r - 1720. Calculate n(-44).
-4
Let c(g) = 3*g**2 + 391*g - 7512. Determine c(17).
2
Let h(a) = 291*a + 1173. Calculate h(-4).
9
Let n(u) = 80*u - 1733. What is n(24)?
187
Let w(l) = -4*l**3 + 348*l**2 - l + 93. Give w(87).
6
Let u(g) = g**3 + 17*g**2 + 25*g - 23. Calculate u(-15).
52
Let q(i) = -2*i**3 + 1055*i - 2103. What is q(2)?
-9
Let q(j) = -2*j**2 + 48*j + 237. Give q(-5).
-53
Let a(l) = 162*l - 1287. Calculate a(8).
9
Let a(v) = 4*v**2 + 48*v + 195. Determine a(-6).
51
Let b(q) = 18*q**2 - 140*q - 28. What is b(8)?
4
Let d(m) = -m**2 - 90*m - 951. Calculate d(-78).
-15
Let h(f) = -138*f - 1577. What is h(-12)?
79
Let n(u) = 9*u**3 + 395*u**2 - 38*u + 268. Calculate n(-44).
4
Let a(b) = -b**3 - 5*b**2 + 39*b - 117. What is a(-10)?
-7
Let h(b) = -b + 29. Calculate h(25).
4
Let v(j) = 437*j + 2992. Calculate v(-7).
-67
Let l(b) = -b**3 + 38*b**2 - 115*b + 126. Calculate l(35).
-224
Let i(t) = t**3 + 23*t**2 + 33*t + 137. Give i(-21).
326
Let l(c) = 2*c**3 - 343*c**2 + 170*c + 175. What is l(171)?
4
Let c(m) = -2*m**3 - 15*m**2 - 14*m + 13. Give c(-6).
-11
Let c(k) = -k**3 + 3*k**2 + 39*k + 14. Calculate c(-6).
104
Let j(z) = -z**2 - 35*z - 295. Give j(-19).
9
Let d(r) = 241*r - 6011. Calculate d(25).
14
Let t(x) = 2704*x + 18858. Give t(-7).
-70
Let n(s) = 45*s + 773. What is n(-17)?
8
Let z(a) = -241*a - 229. What is z(-1)?
12
Let j(y) = -135*y**2 + 1. Give j(1).
-134
Let n(q) = -194*q + 26990. What is n(139)?
24
Let o(g) = 2*g**3 - 11*g**2 - 12. Determine o(7).
135
Let r(g) = 197*g**2 + 122*g + 241. What is r(-2)?
785
Let f(v) = 6*v**2 + 1588*v + 1091. Give f(-264).
35
Let o(x) = -3*x**2 + 27*x + 720. What is o(-15)?
-360
Let q(y) = 215*y + 12378. What is q(-58)?
-92
Let j(m) = -m**2 + 10*m + 63471. Calculate j(257).
-8
Let q(t) = 4*t**2 - 159*t - 893. What is q(-5)?
2
Let x(d) = -d**3 - 10*d**2 - 7*d + 4. Determine x(-10).
74
Let b(o) = -3*o**2 + 22*o - 19. Determine b(7).
-12
Let z(s) = -43*s - 396. What is z(-9)?
-9
Let q(a) = -2*a**3 + 222*a**2 + 223*a + 118. Determine q(112).
6
Let w(f) = 75*f + 1497. Determine w(-20).
-3
Let j(a) = a**3 + 38*a**2 - 73*a - 1341. Determine j(-39).
-15
Let n(p) = p**3 - 2*p**2 + 2*p - 3. Give n(2).
1
Let j(c) = -c**3 - 17*c**2 - 15*c + 2. Give j(-17).
257
Let v(r) = 80*r - 1751. Calculate v(22).
9
Let p(u) = 289*u + 2922. Give p(-10).
32
Let u(h) = -563*h + 7887. What is u(14)?
5
Let p(k) = k**2 + 1612*k + 20785. What is p(-13)?
-2
Let w(m) = m**2 - 1971*m + 11803. Determine w(6).
13
Let u(g) = -15*g - 62. Give u(-5).
13
Let k(n) = n**3 + 11*n**2 + 25*n - 4. Give k(-4).
8
Let x(c) = 13*c**2 - 119*c + 137. Give x(7).
-59
Let o(c) = -c**2 - 623*c - 3087. Give o(-5).
3
Let t(u) = 2*u**3 - 15*u**2 + 31*u + 4. What is t(4)?
16
Let t(w) = 4*w**3 + 9*w**2 + 27*w + 68. Determine t(-4).
-152
Let b(y) = 749*y + 10485. Calculate b(-14).
-1
Let a(g) = -3*g**2 + 29*g + 181. Determine a(-4).
17
Let p(v) = -v**3 - 83*v**2 - 117*v - 2896. What is p(-82)?
-26
Let x(y) = 2*y**2 - 156*y + 1698. Calculate x(12).
114
Let b(f) = 273*f - 1664. What is b(6)?
-26
Let n(c) = c**3 + 9*c**2 + 24*c + 33. Determine n(-6).
-3
Let r(z) = -2087*z + 8372. Determine r(4).
24
Let d(u) = -u**3 + 173*u - 15. Determine d(13).
37
Let s(z) = -3*z**2 + 17*z - 9. Give s(5).
1
Let l(z) = 31*z - 3518. Calculate l(113).
-15
Let z(r) = 16*r - 106. Calculate z(4).
-42
Let h(y) = 425*y + 9909. Determine h(-23).
134
Let d(y) = -17*y**2 + 488*y + 136. Calculate d(29).
-9
Let q(v) = -12*v + 26. Give q(7).
-58
Let x(r) = -r**2 + 12*r + 216. Calculate x(23).
-37
Let l(h) = -200*h + 1177. What is l(6)?
-23
Let q(t) = -92*t - 1011. Calculate q(-11).
1
Let u(c) = -2*c**2 - 20*c + 17. Give u(1).
-5
Let f(w) = w**3 - 9*w**2 + 13*w - 139. Give f(9).
-22
Let k(d) = d**2 - 89*d + 9. Give k(0).
9
Let m(o) = 44*o - 473. Calculate m(11).
11
Let g(x) = -x**3 + 5*x**2 - 27*x + 84. Calculate g(4).
-8
Let l(b) = -202*b**3 - 2*b**2 + 118*b -